{"id":96,"date":"2019-12-09T03:02:57","date_gmt":"2019-12-09T06:02:57","guid":{"rendered":"http:\/\/www.medicinafamiliar.cl\/mf\/wordpress\/?page_id=96"},"modified":"2020-02-20T03:04:27","modified_gmt":"2020-02-20T06:04:27","slug":"revista-chilena-de-medicina-familiar","status":"publish","type":"page","link":"https:\/\/www.medicinafamiliar.cl\/mf\/wordpress\/revista-chilena-de-medicina-familiar\/","title":{"rendered":"Revista Chilena de Medicina Familiar"},"content":{"rendered":"<p>Hasta 2012 nuestra Sociedad Cient\u00edfica public\u00f3 la Revista Chilena de&nbsp;Medicina Familiar. En 2016 dimos inicio al relanzamiento de esta publicaci\u00f3n, poniendo a disposici\u00f3n del p\u00fablico todos sus&nbsp;n\u00fameros anteriores, as\u00ed como abriendo la recepci\u00f3n de nuevos trabajos.<\/p>\n<p>Los\/as invitamos a revisar nuestra revista en <a href=\"http:\/\/www.revistachilenademedicinafamiliar.cl\/index.php\/sochimef\/issue\/archive\" target=\"_blank\" rel=\"noopener noreferrer\">www.revistachilenademedicinafamiliar.cl<\/a><\/p>\n\n\n<figure class=\"wp-block-image\"><a href=\"http:\/\/www.revistachilenademedicinafamiliar.cl\/index.php\/sochimef\/issue\/archive\" target=\"_blank\" rel=\"noreferrer noopener\"><img loading=\"lazy\" decoding=\"async\" width=\"300\" height=\"107\" src=\"http:\/\/www.medicinafamiliar.cl\/mf\/wordpress\/wp-content\/uploads\/2020\/02\/banner-revista.png\" alt=\"\" class=\"wp-image-97\" srcset=\"https:\/\/www.medicinafamiliar.cl\/mf\/wordpress\/wp-content\/uploads\/2020\/02\/banner-revista.png 300w, https:\/\/www.medicinafamiliar.cl\/mf\/wordpress\/wp-content\/uploads\/2020\/02\/banner-revista-270x96.png 270w\" sizes=\"auto, (max-width: 300px) 100vw, 300px\" \/><\/a><\/figure>\n","protected":false},"excerpt":{"rendered":"<p>Hasta 2012 nuestra Sociedad Cient\u00edfica public\u00f3 la Revista Chilena de&nbsp;Medicina Familiar. En 2016 dimos inicio al relanzamiento de esta publicaci\u00f3n, poniendo a disposici\u00f3n del p\u00fablico todos sus&nbsp;n\u00fameros anteriores, as\u00ed como abriendo la recepci\u00f3n de nuevos trabajos. Los\/as invitamos a revisar nuestra revista en www.revistachilenademedicinafamiliar.cl<\/p>\n","protected":false},"author":1,"featured_media":0,"parent":0,"menu_order":0,"comment_status":"closed","ping_status":"closed","template":"","meta":{"footnotes":""},"class_list":["post-96","page","type-page","status-publish","hentry"],"_links":{"self":[{"href":"https:\/\/www.medicinafamiliar.cl\/mf\/wordpress\/wp-json\/wp\/v2\/pages\/96","targetHints":{"allow":["GET"]}}],"collection":[{"href":"https:\/\/www.medicinafamiliar.cl\/mf\/wordpress\/wp-json\/wp\/v2\/pages"}],"about":[{"href":"https:\/\/www.medicinafamiliar.cl\/mf\/wordpress\/wp-json\/wp\/v2\/types\/page"}],"author":[{"embeddable":true,"href":"https:\/\/www.medicinafamiliar.cl\/mf\/wordpress\/wp-json\/wp\/v2\/users\/1"}],"replies":[{"embeddable":true,"href":"https:\/\/www.medicinafamiliar.cl\/mf\/wordpress\/wp-json\/wp\/v2\/comments?post=96"}],"version-history":[{"count":2,"href":"https:\/\/www.medicinafamiliar.cl\/mf\/wordpress\/wp-json\/wp\/v2\/pages\/96\/revisions"}],"predecessor-version":[{"id":99,"href":"https:\/\/www.medicinafamiliar.cl\/mf\/wordpress\/wp-json\/wp\/v2\/pages\/96\/revisions\/99"}],"wp:attachment":[{"href":"https:\/\/www.medicinafamiliar.cl\/mf\/wordpress\/wp-json\/wp\/v2\/media?parent=96"}],"curies":[{"name":"wp","href":"https:\/\/api.w.org\/{rel}","templated":true}]}}

<p>Hasta 2012 nuestra Sociedad Científica publicó la Revista Chilena de&nbsp;Medicina Familiar. En 2016 dimos inicio al relanzamiento de esta publicación, poniendo a disposición del público todos sus&nbsp;números anteriores, así como abriendo la recepción de nuevos trabajos.</p>
<p>Los/as invitamos a revisar nuestra revista en <a href="http://www.revistachilenademedicinafamiliar.cl/index.php/sochimef/issue/archive" target="_blank" rel="noopener noreferrer">www.revistachilenademedicinafamiliar.cl</a></p>


<figure class="wp-block-image"><a href="http://www.revistachilenademedicinafamiliar.cl/index.php/sochimef/issue/archive" target="_blank" rel="noreferrer noopener"><img loading="lazy" decoding="async" width="300" height="107" src="http://www.medicinafamiliar.cl/mf/wordpress/wp-content/uploads/2020/02/banner-revista.png" alt="" class="wp-image-97" srcset="https://www.medicinafamiliar.cl/mf/wordpress/wp-content/uploads/2020/02/banner-revista.png 300w, https://www.medicinafamiliar.cl/mf/wordpress/wp-content/uploads/2020/02/banner-revista-270x96.png 270w" sizes="auto, (max-width: 300px) 100vw, 300px" /></a></figure>

<p>Hasta 2012 nuestra Sociedad Científica publicó la Revista Chilena de&nbsp;Medicina Familiar. En 2016 dimos inicio al relanzamiento de esta publicación, poniendo a disposición del público todos sus&nbsp;números anteriores, así como abriendo la recepción de nuevos trabajos. Los/as invitamos a revisar nuestra revista en www.revistachilenademedicinafamiliar.cl</p>
