{"id":4387,"date":"2024-05-27T16:41:28","date_gmt":"2024-05-27T20:41:28","guid":{"rendered":"https:\/\/www.medicinafamiliar.cl\/mf\/wordpress\/?page_id=4387"},"modified":"2024-05-29T15:42:47","modified_gmt":"2024-05-29T19:42:47","slug":"grupo-de-trabajo-grap-chile-grupo-respiratorio-de-atencion-primaria","status":"publish","type":"page","link":"https:\/\/www.medicinafamiliar.cl\/mf\/wordpress\/grupo-de-trabajo-grap-chile-grupo-respiratorio-de-atencion-primaria\/","title":{"rendered":"Grupo de Trabajo GRAP Chile (Grupo Respiratorio de Atenci\u00f3n Primaria)"},"content":{"rendered":"<p>El\u00a0<strong>GRAP Chile <\/strong>se conform\u00f3 el a\u00f1o 2012 en la Sociedad Chilena de Medicina Familiar al alero de la organizaci\u00f3n internacional IPCRG (International Primary Care Respiratory Group). Lo integran m\u00e9dicos familiares y residentes de nuestra especialidad que buscan visibilizar y contribuir a la salud respiratoria, con el enfoque de Cuidados Justos (<em>Right Care<\/em>), incorporando para ello la actualizaci\u00f3n en aspectos cl\u00ednicos, la salud ambiental, la docencia e investigaci\u00f3n desde y para la APS en el pa\u00eds y globalmente.<\/p>\n<p>Este\u00a0<em>Grupo de Trabajo<\/em>\u00a0se re\u00fane una vez al mes para coordinar el trabajo de sus integrantes quienes participan de manera ad honorem, y mantienen una comunicaci\u00f3n transparente y fluida con el\u00a0<strong>Directorio<\/strong>\u00a0a trav\u00e9s de informaci\u00f3n peri\u00f3dica acerca de sus actividades.<\/p>\n<p><strong>Coordinador: Dr. Mauricio Soto D. (msotod@gmail.com)<\/strong><\/p>\n<p><strong>Reporte de actividades 2022-2024<\/strong><br \/>\n<span style=\"color: #0000ff;\"><a style=\"color: #0000ff;\" href=\"http:\/\/www.medicinafamiliar.cl\/mf\/wordpress\/wp-content\/uploads\/2024\/05\/Reporte-Actividades-GRAP-2022-2024.pdf\" target=\"_blank\" rel=\"noopener\">Descargar informe de actividades (PDF)<\/a><a id=\"4492566b-a537-41cc-b75e-5c2c7a681675\" title=\"View this pdf file\" href=\"https:\/\/docs.google.com\/viewer?url=http%3A%2F%2Fwww.medicinafamiliar.cl%2Fmf%2Fwordpress%2Fwp-content%2Fuploads%2F2024%2F05%2FReporte-Actividades-GRAP-2022-2024.pdf&amp;embedded=true&amp;chrome=false&amp;dov=1\"><img decoding=\"async\" style=\"margin-left: 3px; width: 16px; height: 16px;\" src=\"chrome-extension:\/\/gmpljdlgcdkljlppaekciacdmdlhfeon\/images\/beside-link-icon.svg\" \/><\/a><a id=\"b2f63b17-b8f1-4f05-a81c-8c774e910685\" title=\"View this pdf file\" href=\"https:\/\/docs.google.com\/viewer?url=http%3A%2F%2Fwww.medicinafamiliar.cl%2Fmf%2Fwordpress%2Fwp-content%2Fuploads%2F2024%2F05%2FReporte-Actividades-GRAP-2022-2024.pdf&amp;embedded=true&amp;chrome=false&amp;dov=1\"><img decoding=\"async\" style=\"margin-left: 3px; width: 16px; height: 16px;\" src=\"chrome-extension:\/\/gmpljdlgcdkljlppaekciacdmdlhfeon\/images\/beside-link-icon.svg\" \/><\/a><\/span><\/p>\n","protected":false},"excerpt":{"rendered":"<p>El\u00a0GRAP Chile se conform\u00f3 el a\u00f1o 2012 en la Sociedad Chilena de Medicina Familiar al alero de la organizaci\u00f3n internacional IPCRG (International Primary Care Respiratory Group). Lo integran m\u00e9dicos familiares y residentes de nuestra especialidad que buscan visibilizar y contribuir a la salud respiratoria, con el enfoque de Cuidados Justos (Right Care), incorporando para ello [&hellip;]<\/p>\n","protected":false},"author":1,"featured_media":4389,"parent":0,"menu_order":0,"comment_status":"closed","ping_status":"closed","template":"","meta":{"footnotes":""},"class_list":["post-4387","page","type-page","status-publish","has-post-thumbnail","hentry"],"_links":{"self":[{"href":"https:\/\/www.medicinafamiliar.cl\/mf\/wordpress\/wp-json\/wp\/v2\/pages\/4387","targetHints":{"allow":["GET"]}}],"collection":[{"href":"https:\/\/www.medicinafamiliar.cl\/mf\/wordpress\/wp-json\/wp\/v2\/pages"}],"about":[{"href":"https:\/\/www.medicinafamiliar.cl\/mf\/wordpress\/wp-json\/wp\/v2\/types\/page"}],"author":[{"embeddable":true,"href":"https:\/\/www.medicinafamiliar.cl\/mf\/wordpress\/wp-json\/wp\/v2\/users\/1"}],"replies":[{"embeddable":true,"href":"https:\/\/www.medicinafamiliar.cl\/mf\/wordpress\/wp-json\/wp\/v2\/comments?post=4387"}],"version-history":[{"count":7,"href":"https:\/\/www.medicinafamiliar.cl\/mf\/wordpress\/wp-json\/wp\/v2\/pages\/4387\/revisions"}],"predecessor-version":[{"id":4405,"href":"https:\/\/www.medicinafamiliar.cl\/mf\/wordpress\/wp-json\/wp\/v2\/pages\/4387\/revisions\/4405"}],"wp:featuredmedia":[{"embeddable":true,"href":"https:\/\/www.medicinafamiliar.cl\/mf\/wordpress\/wp-json\/wp\/v2\/media\/4389"}],"wp:attachment":[{"href":"https:\/\/www.medicinafamiliar.cl\/mf\/wordpress\/wp-json\/wp\/v2\/media?parent=4387"}],"curies":[{"name":"wp","href":"https:\/\/api.w.org\/{rel}","templated":true}]}}

Grupo de Trabajo GRAP Chile (Grupo Respiratorio de Atención Primaria)

<p>El <strong>GRAP Chile </strong>se conformó el año 2012 en la Sociedad Chilena de Medicina Familiar al alero de la organización internacional IPCRG (International Primary Care Respiratory Group). Lo integran médicos familiares y residentes de nuestra especialidad que buscan visibilizar y contribuir a la salud respiratoria, con el enfoque de Cuidados Justos (<em>Right Care</em>), incorporando para ello la actualización en aspectos clínicos, la salud ambiental, la docencia e investigación desde y para la APS en el país y globalmente.</p>
<p>Este <em>Grupo de Trabajo</em> se reúne una vez al mes para coordinar el trabajo de sus integrantes quienes participan de manera ad honorem, y mantienen una comunicación transparente y fluida con el <strong>Directorio</strong> a través de información periódica acerca de sus actividades.</p>
<p><strong>Coordinador: Dr. Mauricio Soto D. (msotod@gmail.com)</strong></p>
<p><strong>Reporte de actividades 2022-2024</strong><br />
<span style="color: #0000ff;"><a style="color: #0000ff;" href="http://www.medicinafamiliar.cl/mf/wordpress/wp-content/uploads/2024/05/Reporte-Actividades-GRAP-2022-2024.pdf" target="_blank" rel="noopener">Descargar informe de actividades (PDF)</a><a id="4492566b-a537-41cc-b75e-5c2c7a681675" title="View this pdf file" href="https://docs.google.com/viewer?url=http%3A%2F%2Fwww.medicinafamiliar.cl%2Fmf%2Fwordpress%2Fwp-content%2Fuploads%2F2024%2F05%2FReporte-Actividades-GRAP-2022-2024.pdf&amp;embedded=true&amp;chrome=false&amp;dov=1"><img decoding="async" style="margin-left: 3px; width: 16px; height: 16px;" src="chrome-extension://gmpljdlgcdkljlppaekciacdmdlhfeon/images/beside-link-icon.svg" /></a><a id="b2f63b17-b8f1-4f05-a81c-8c774e910685" title="View this pdf file" href="https://docs.google.com/viewer?url=http%3A%2F%2Fwww.medicinafamiliar.cl%2Fmf%2Fwordpress%2Fwp-content%2Fuploads%2F2024%2F05%2FReporte-Actividades-GRAP-2022-2024.pdf&amp;embedded=true&amp;chrome=false&amp;dov=1"><img decoding="async" style="margin-left: 3px; width: 16px; height: 16px;" src="chrome-extension://gmpljdlgcdkljlppaekciacdmdlhfeon/images/beside-link-icon.svg" /></a></span></p>

<p>El GRAP Chile se conformó el año 2012 en la Sociedad Chilena de Medicina Familiar al alero de la organización internacional IPCRG (International Primary Care Respiratory Group). Lo integran médicos familiares y residentes de nuestra especialidad que buscan visibilizar y contribuir a la salud respiratoria, con el enfoque de Cuidados Justos (Right Care), incorporando para ello [&hellip;]</p>
