{"id":75,"date":"2019-12-09T02:46:24","date_gmt":"2019-12-09T05:46:24","guid":{"rendered":"http:\/\/www.medicinafamiliar.cl\/mf\/wordpress\/?page_id=75"},"modified":"2022-01-07T17:23:36","modified_gmt":"2022-01-07T20:23:36","slug":"comite-de-abogacia-por-la-medicina-familiar-y-las-politicas-publicas","status":"publish","type":"page","link":"http:\/\/www.medicinafamiliar.cl\/mf\/wordpress\/comite-de-abogacia-por-la-medicina-familiar-y-las-politicas-publicas\/","title":{"rendered":"Comit\u00e9 de Abogac\u00eda por la Medicina Familiar y las Pol\u00edticas P\u00fablicas"},"content":{"rendered":"<p>El Comit\u00e9 de Abogac\u00eda por la Medicina Familiar y las Pol\u00edticas P\u00fablicas se funda en Mayo de 2014 con los siguientes objetivos:<\/p>\n<ul>\n<li>Difundir la Medicina Familiar como la especialidad orientada a la estrategia de Atenci\u00f3n Primaria de Salud, centrada en la persona, con enfoque familiar y comunitario<\/li>\n<li>Posicionar a nuestra sociedad como el referente t\u00e9cnico en la Medicina Familiar, la APS y el modelo de salud familiar.<\/li>\n<li>Influir en pol\u00edticas p\u00fablicas que garanticen mejores condiciones laborales para el m\u00e9dico familiar en los distintos espacios de su desempe\u00f1o laboral y la relevancia de su rol.<\/li>\n<li>Aumentar la participaci\u00f3n y sentido de pertenencia de los socios en temas afines a los objetivos de la Sociedad de Medicina Familiar.<\/li>\n<\/ul>\n<p>Para ello el equipo dirige distintas estrategias, entre ellas una activa figuraci\u00f3n en las redes sociales, difundiendo\u00a0el <a href=\"http:\/\/medicinafamiliarenchile.blogspot.com\">Blog Medicina Familiar en Chile<\/a>.<\/p>\n<p>Coordinadora: <strong>Carolina Posada Garavagno<\/strong><\/p>\n\n\n<div class=\"wp-block-image\"><figure class=\"alignleft\"><img loading=\"lazy\" decoding=\"async\" width=\"300\" height=\"100\" src=\"http:\/\/www.medicinafamiliar.cl\/mf\/wordpress\/wp-content\/uploads\/2020\/02\/sochimef-blog-abogacia.jpg\" alt=\"\" class=\"wp-image-76\" srcset=\"http:\/\/www.medicinafamiliar.cl\/mf\/wordpress\/wp-content\/uploads\/2020\/02\/sochimef-blog-abogacia.jpg 300w, http:\/\/www.medicinafamiliar.cl\/mf\/wordpress\/wp-content\/uploads\/2020\/02\/sochimef-blog-abogacia-270x90.jpg 270w\" sizes=\"auto, (max-width: 300px) 100vw, 300px\" \/><\/figure><\/div>\n","protected":false},"excerpt":{"rendered":"<p>El Comit\u00e9 de Abogac\u00eda por la Medicina Familiar y las Pol\u00edticas P\u00fablicas se funda en Mayo de 2014 con los siguientes objetivos: Difundir la Medicina Familiar como la especialidad orientada a la estrategia de Atenci\u00f3n Primaria de Salud, centrada en la persona, con enfoque familiar y comunitario Posicionar a nuestra sociedad como el referente t\u00e9cnico [&hellip;]<\/p>\n","protected":false},"author":1,"featured_media":0,"parent":0,"menu_order":0,"comment_status":"closed","ping_status":"closed","template":"","meta":{"footnotes":""},"class_list":["post-75","page","type-page","status-publish","hentry"],"_links":{"self":[{"href":"http:\/\/www.medicinafamiliar.cl\/mf\/wordpress\/wp-json\/wp\/v2\/pages\/75","targetHints":{"allow":["GET"]}}],"collection":[{"href":"http:\/\/www.medicinafamiliar.cl\/mf\/wordpress\/wp-json\/wp\/v2\/pages"}],"about":[{"href":"http:\/\/www.medicinafamiliar.cl\/mf\/wordpress\/wp-json\/wp\/v2\/types\/page"}],"author":[{"embeddable":true,"href":"http:\/\/www.medicinafamiliar.cl\/mf\/wordpress\/wp-json\/wp\/v2\/users\/1"}],"replies":[{"embeddable":true,"href":"http:\/\/www.medicinafamiliar.cl\/mf\/wordpress\/wp-json\/wp\/v2\/comments?post=75"}],"version-history":[{"count":5,"href":"http:\/\/www.medicinafamiliar.cl\/mf\/wordpress\/wp-json\/wp\/v2\/pages\/75\/revisions"}],"predecessor-version":[{"id":2624,"href":"http:\/\/www.medicinafamiliar.cl\/mf\/wordpress\/wp-json\/wp\/v2\/pages\/75\/revisions\/2624"}],"wp:attachment":[{"href":"http:\/\/www.medicinafamiliar.cl\/mf\/wordpress\/wp-json\/wp\/v2\/media?parent=75"}],"curies":[{"name":"wp","href":"https:\/\/api.w.org\/{rel}","templated":true}]}}