{"id":674,"date":"2020-08-17T18:33:44","date_gmt":"2020-08-17T21:33:44","guid":{"rendered":"http:\/\/www.medicinafamiliar.cl\/mf\/wordpress\/?page_id=674"},"modified":"2024-09-13T10:56:46","modified_gmt":"2024-09-13T14:56:46","slug":"comite-persona-mayor","status":"publish","type":"page","link":"http:\/\/www.medicinafamiliar.cl\/mf\/wordpress\/comite-persona-mayor\/","title":{"rendered":"Comit\u00e9 Persona Mayor"},"content":{"rendered":"<p>Este comit\u00e9 tiene establecidos como sus principales objetivos contribuir a la capacitaci\u00f3n de los equipos de salud en el \u00e1rea del Adulto Mayor en APS para promover el envejecimiento activo y positivo en la comunidad. Adem\u00e1s, de favorecer la docencia, difusi\u00f3n e investigaci\u00f3n sobre la tem\u00e1tica del Adulto Mayor, con foco en la APS.<\/p>\n<p><strong>Coordinadora: Dra. Paula Carmona Mej\u00edas.<\/strong><\/p>\n<p><strong>Solicitud para Integrar comit\u00e9<\/strong> en el siguiente formulario: <strong><a href=\"http:\/\/www.medicinafamiliar.cl\/mf\/wordpress\/inscripcion-comites-sochimef\/\">Inscripci\u00f3n Comit\u00e9 SOCHIMEF<\/a><\/strong><\/p>\n","protected":false},"excerpt":{"rendered":"<p>Este comit\u00e9 tiene establecidos como sus principales objetivos contribuir a la capacitaci\u00f3n de los equipos de salud en el \u00e1rea del Adulto Mayor en APS para promover el envejecimiento activo y positivo en la comunidad. Adem\u00e1s, de favorecer la docencia, difusi\u00f3n e investigaci\u00f3n sobre la tem\u00e1tica del Adulto Mayor, con foco en la APS. Coordinadora: [&hellip;]<\/p>\n","protected":false},"author":1,"featured_media":2722,"parent":0,"menu_order":0,"comment_status":"closed","ping_status":"closed","template":"","meta":{"footnotes":""},"class_list":["post-674","page","type-page","status-publish","has-post-thumbnail","hentry"],"_links":{"self":[{"href":"http:\/\/www.medicinafamiliar.cl\/mf\/wordpress\/wp-json\/wp\/v2\/pages\/674","targetHints":{"allow":["GET"]}}],"collection":[{"href":"http:\/\/www.medicinafamiliar.cl\/mf\/wordpress\/wp-json\/wp\/v2\/pages"}],"about":[{"href":"http:\/\/www.medicinafamiliar.cl\/mf\/wordpress\/wp-json\/wp\/v2\/types\/page"}],"author":[{"embeddable":true,"href":"http:\/\/www.medicinafamiliar.cl\/mf\/wordpress\/wp-json\/wp\/v2\/users\/1"}],"replies":[{"embeddable":true,"href":"http:\/\/www.medicinafamiliar.cl\/mf\/wordpress\/wp-json\/wp\/v2\/comments?post=674"}],"version-history":[{"count":14,"href":"http:\/\/www.medicinafamiliar.cl\/mf\/wordpress\/wp-json\/wp\/v2\/pages\/674\/revisions"}],"predecessor-version":[{"id":4658,"href":"http:\/\/www.medicinafamiliar.cl\/mf\/wordpress\/wp-json\/wp\/v2\/pages\/674\/revisions\/4658"}],"wp:featuredmedia":[{"embeddable":true,"href":"http:\/\/www.medicinafamiliar.cl\/mf\/wordpress\/wp-json\/wp\/v2\/media\/2722"}],"wp:attachment":[{"href":"http:\/\/www.medicinafamiliar.cl\/mf\/wordpress\/wp-json\/wp\/v2\/media?parent=674"}],"curies":[{"name":"wp","href":"https:\/\/api.w.org\/{rel}","templated":true}]}}

Comité Persona Mayor

<p>Este comité tiene establecidos como sus principales objetivos contribuir a la capacitación de los equipos de salud en el área del Adulto Mayor en APS para promover el envejecimiento activo y positivo en la comunidad. Además, de favorecer la docencia, difusión e investigación sobre la temática del Adulto Mayor, con foco en la APS.</p>
<p><strong>Coordinadora: Dra. Paula Carmona Mejías.</strong></p>
<p><strong>Solicitud para Integrar comité</strong> en el siguiente formulario: <strong><a href="http://www.medicinafamiliar.cl/mf/wordpress/inscripcion-comites-sochimef/">Inscripción Comité SOCHIMEF</a></strong></p>

<p>Este comité tiene establecidos como sus principales objetivos contribuir a la capacitación de los equipos de salud en el área del Adulto Mayor en APS para promover el envejecimiento activo y positivo en la comunidad. Además, de favorecer la docencia, difusión e investigación sobre la temática del Adulto Mayor, con foco en la APS. Coordinadora: [&hellip;]</p>
