{"id":59,"date":"2019-12-09T02:21:13","date_gmt":"2019-12-09T05:21:13","guid":{"rendered":"http:\/\/www.medicinafamiliar.cl\/mf\/wordpress\/?page_id=59"},"modified":"2020-02-20T02:23:33","modified_gmt":"2020-02-20T05:23:33","slug":"filial-araucania-sur","status":"publish","type":"page","link":"http:\/\/www.medicinafamiliar.cl\/mf\/wordpress\/filial-araucania-sur\/","title":{"rendered":"Filial Araucan\u00eda Sur"},"content":{"rendered":"<div>Nombre de la <span class=\"il\">Filial<\/span>:<b> Araucan\u00eda Sur<\/b><\/div>\n<div>Provincia:<b> Caut\u00edn\u00a0<\/b><\/div>\n<div>Regi\u00f3n:<b> La Araucan\u00eda<\/b><\/div>\n<div><\/div>\n<div><b>Directiva:<br \/>\n<\/b><\/div>\n<div>\n<ul>\n<li>Presidente:<b> Ver\u00f3nica Olate M<\/b><\/li>\n<li>Vicepresidente:<b> Iv\u00e1n Niesel B<\/b><\/li>\n<li>Secretaria: <b>Victoria Henr\u00edquez M.<\/b><\/li>\n<li>Tesorera: <b>Andrea Far\u00edas E.<\/b><\/li>\n<\/ul>\n<div>Correo de Contacto: <b><a href=\"mailto:vero.olate@gmail.com\" target=\"_blank\" rel=\"noopener noreferrer\">vero.olate@gmail.com<\/a><\/b><\/div>\n<\/div>\n","protected":false},"excerpt":{"rendered":"<p>Nombre de la Filial: Araucan\u00eda Sur Provincia: Caut\u00edn\u00a0 Regi\u00f3n: La Araucan\u00eda Directiva: Presidente: Ver\u00f3nica Olate M Vicepresidente: Iv\u00e1n Niesel B Secretaria: Victoria Henr\u00edquez M. Tesorera: Andrea Far\u00edas E. Correo de Contacto: vero.olate@gmail.com<\/p>\n","protected":false},"author":1,"featured_media":0,"parent":0,"menu_order":0,"comment_status":"closed","ping_status":"closed","template":"","meta":{"footnotes":""},"class_list":["post-59","page","type-page","status-publish","hentry"],"_links":{"self":[{"href":"http:\/\/www.medicinafamiliar.cl\/mf\/wordpress\/wp-json\/wp\/v2\/pages\/59","targetHints":{"allow":["GET"]}}],"collection":[{"href":"http:\/\/www.medicinafamiliar.cl\/mf\/wordpress\/wp-json\/wp\/v2\/pages"}],"about":[{"href":"http:\/\/www.medicinafamiliar.cl\/mf\/wordpress\/wp-json\/wp\/v2\/types\/page"}],"author":[{"embeddable":true,"href":"http:\/\/www.medicinafamiliar.cl\/mf\/wordpress\/wp-json\/wp\/v2\/users\/1"}],"replies":[{"embeddable":true,"href":"http:\/\/www.medicinafamiliar.cl\/mf\/wordpress\/wp-json\/wp\/v2\/comments?post=59"}],"version-history":[{"count":1,"href":"http:\/\/www.medicinafamiliar.cl\/mf\/wordpress\/wp-json\/wp\/v2\/pages\/59\/revisions"}],"predecessor-version":[{"id":60,"href":"http:\/\/www.medicinafamiliar.cl\/mf\/wordpress\/wp-json\/wp\/v2\/pages\/59\/revisions\/60"}],"wp:attachment":[{"href":"http:\/\/www.medicinafamiliar.cl\/mf\/wordpress\/wp-json\/wp\/v2\/media?parent=59"}],"curies":[{"name":"wp","href":"https:\/\/api.w.org\/{rel}","templated":true}]}}

Filial Araucanía Sur

<div>Nombre de la <span class="il">Filial</span>:<b> Araucanía Sur</b></div>
<div>Provincia:<b> Cautín </b></div>
<div>Región:<b> La Araucanía</b></div>
<div></div>
<div><b>Directiva:<br />
</b></div>
<div>
<ul>
<li>Presidente:<b> Verónica Olate M</b></li>
<li>Vicepresidente:<b> Iván Niesel B</b></li>
<li>Secretaria: <b>Victoria Henríquez M.</b></li>
<li>Tesorera: <b>Andrea Farías E.</b></li>
</ul>
<div>Correo de Contacto: <b><a href="mailto:vero.olate@gmail.com" target="_blank" rel="noopener noreferrer">vero.olate@gmail.com</a></b></div>
</div>

<p>Nombre de la Filial: Araucanía Sur Provincia: Cautín  Región: La Araucanía Directiva: Presidente: Verónica Olate M Vicepresidente: Iván Niesel B Secretaria: Victoria Henríquez M. Tesorera: Andrea Farías E. Correo de Contacto: vero.olate@gmail.com</p>
