{"id":4892,"date":"2025-03-02T20:46:30","date_gmt":"2025-03-03T00:46:30","guid":{"rendered":"http:\/\/www.medicinafamiliar.cl\/mf\/wordpress\/?page_id=4892"},"modified":"2025-03-04T11:23:48","modified_gmt":"2025-03-04T15:23:48","slug":"curso-mais-2025","status":"publish","type":"page","link":"http:\/\/www.medicinafamiliar.cl\/mf\/wordpress\/cursos-sochimef\/curso-mais-2025\/","title":{"rendered":"Curso MAIS 2025"},"content":{"rendered":"\n<p>El curso <strong>Modelo de Atenci\u00f3n Integral en Salud (MAIS) 2025<\/strong> est\u00e1 dirigido a profesionales de la salud interesados en fortalecer sus conocimientos y habilidades en la implementaci\u00f3n del MAIS en la Atenci\u00f3n Primaria de Salud (APS). Con una duraci\u00f3n de 29 horas distribuidas en 7 semanas, el programa se imparte en modalidad e-learning, combinando sesiones sincr\u00f3nicas y asincr\u00f3nicas. Los participantes abordar\u00e1n temas como el marco legal, planificaci\u00f3n y gesti\u00f3n, promoci\u00f3n y prevenci\u00f3n en salud, participaci\u00f3n social y trabajo con familias. La metodolog\u00eda incluye estudio aut\u00f3nomo, talleres virtuales y foros de discusi\u00f3n, con evaluaci\u00f3n formativa y sumativa. Se otorgar\u00e1 certificaci\u00f3n a quienes cumplan los requisitos de aprobaci\u00f3n.<\/p>\n\n\n\n<ul class=\"wp-block-list\"><li>Fechas: 1 de abril a 30 de mayo<\/li><li>Talleres son Jueves 24 abril y Jueves 15 mayo de 19:00 a 21:00 horas.<\/li><li>Cupos: 30<\/li><li>Accede al <a href=\"http:\/\/www.medicinafamiliar.cl\/mf\/wordpress\/wp-content\/uploads\/2025\/03\/Programa-curso-MAIS-2025.pdf\">programa del curso<\/a>.<\/li><li>Inscripci\u00f3n en este <a href=\"https:\/\/forms.gle\/UaWNb8FDDKekoYtC9\">formulario<\/a>.<\/li><\/ul>\n\n\n\n<h2 class=\"wp-block-heading\">Valores de inscripci\u00f3n<\/h2>\n\n\n\n<p><strong>Inscripci\u00f3n temprana (hasta el 16 de marzo):<\/strong><\/p>\n\n\n\n<ul class=\"wp-block-list\"><li><strong>Socio:<\/strong> $90.000<\/li><li><strong>Residente Medicina Familiar:<\/strong> $130.000<\/li><li><strong>M\u00e9dico no socio:<\/strong> $150.000<\/li><li><strong>Profesional de la salud no socio:<\/strong> $140.000<\/li><li><strong>Estudiante de pregrado:<\/strong> $90.000<\/li><\/ul>\n\n\n\n<p><strong>Inscripci\u00f3n tard\u00eda (desde el 17 de marzo):<\/strong><\/p>\n\n\n\n<ul class=\"wp-block-list\"><li><strong>Socio:<\/strong> $135.000<\/li><li><strong>Residente Medicina Familiar:<\/strong> $195.000<\/li><li><strong>M\u00e9dico no socio:<\/strong> $225.000<\/li><li><strong>Profesional de la salud no socio:<\/strong> $210.000<\/li><li><strong>Estudiante de pregrado:<\/strong> $135.000<\/li><\/ul>\n\n\n\n<div data-wp-interactive=\"core\/file\" class=\"wp-block-file\"><object data-wp-bind--hidden=\"!state.hasPdfPreview\" hidden class=\"wp-block-file__embed\" data=\"http:\/\/www.medicinafamiliar.cl\/mf\/wordpress\/wp-content\/uploads\/2025\/03\/Programa-curso-MAIS-2025.pdf\" type=\"application\/pdf\" style=\"width:100%;height:600px\" aria-label=\"Incrustado de Incrustado de Programa-curso-MAIS-2025..\"><\/object><a id=\"wp-block-file--media-916cf8eb-05a0-467d-9446-d568cbcae9d0\" href=\"http:\/\/www.medicinafamiliar.cl\/mf\/wordpress\/wp-content\/uploads\/2025\/03\/Programa-curso-MAIS-2025.pdf\">Programa-curso-MAIS-2025<\/a><a href=\"http:\/\/www.medicinafamiliar.cl\/mf\/wordpress\/wp-content\/uploads\/2025\/03\/Programa-curso-MAIS-2025.pdf\" class=\"wp-block-file__button\" download aria-describedby=\"wp-block-file--media-916cf8eb-05a0-467d-9446-d568cbcae9d0\">Descargar<\/a><\/div>\n","protected":false},"excerpt":{"rendered":"<p>El curso Modelo de Atenci\u00f3n Integral en Salud (MAIS) 2025 est\u00e1 dirigido a profesionales de la salud interesados en fortalecer sus conocimientos y habilidades en la implementaci\u00f3n del MAIS en la Atenci\u00f3n Primaria de Salud (APS). Con una duraci\u00f3n de 29 horas distribuidas en 7 semanas, el programa se imparte en modalidad e-learning, combinando sesiones [&hellip;]<\/p>\n","protected":false},"author":1,"featured_media":4941,"parent":4904,"menu_order":0,"comment_status":"closed","ping_status":"closed","template":"","meta":{"footnotes":""},"class_list":["post-4892","page","type-page","status-publish","has-post-thumbnail","hentry"],"_links":{"self":[{"href":"http:\/\/www.medicinafamiliar.cl\/mf\/wordpress\/wp-json\/wp\/v2\/pages\/4892","targetHints":{"allow":["GET"]}}],"collection":[{"href":"http:\/\/www.medicinafamiliar.cl\/mf\/wordpress\/wp-json\/wp\/v2\/pages"}],"about":[{"href":"http:\/\/www.medicinafamiliar.cl\/mf\/wordpress\/wp-json\/wp\/v2\/types\/page"}],"author":[{"embeddable":true,"href":"http:\/\/www.medicinafamiliar.cl\/mf\/wordpress\/wp-json\/wp\/v2\/users\/1"}],"replies":[{"embeddable":true,"href":"http:\/\/www.medicinafamiliar.cl\/mf\/wordpress\/wp-json\/wp\/v2\/comments?post=4892"}],"version-history":[{"count":4,"href":"http:\/\/www.medicinafamiliar.cl\/mf\/wordpress\/wp-json\/wp\/v2\/pages\/4892\/revisions"}],"predecessor-version":[{"id":4900,"href":"http:\/\/www.medicinafamiliar.cl\/mf\/wordpress\/wp-json\/wp\/v2\/pages\/4892\/revisions\/4900"}],"up":[{"embeddable":true,"href":"http:\/\/www.medicinafamiliar.cl\/mf\/wordpress\/wp-json\/wp\/v2\/pages\/4904"}],"wp:featuredmedia":[{"embeddable":true,"href":"http:\/\/www.medicinafamiliar.cl\/mf\/wordpress\/wp-json\/wp\/v2\/media\/4941"}],"wp:attachment":[{"href":"http:\/\/www.medicinafamiliar.cl\/mf\/wordpress\/wp-json\/wp\/v2\/media?parent=4892"}],"curies":[{"name":"wp","href":"https:\/\/api.w.org\/{rel}","templated":true}]}}

<p>El curso <strong>Modelo de Atención Integral en Salud (MAIS) 2025</strong> está dirigido a profesionales de la salud interesados en fortalecer sus conocimientos y habilidades en la implementación del MAIS en la Atención Primaria de Salud (APS). Con una duración de 29 horas distribuidas en 7 semanas, el programa se imparte en modalidad e-learning, combinando sesiones sincrónicas y asincrónicas. Los participantes abordarán temas como el marco legal, planificación y gestión, promoción y prevención en salud, participación social y trabajo con familias. La metodología incluye estudio autónomo, talleres virtuales y foros de discusión, con evaluación formativa y sumativa. Se otorgará certificación a quienes cumplan los requisitos de aprobación.</p>



<ul class="wp-block-list"><li>Fechas: 1 de abril a 30 de mayo</li><li>Talleres son Jueves 24 abril y Jueves 15 mayo de 19:00 a 21:00 horas.</li><li>Cupos: 30</li><li>Accede al <a href="http://www.medicinafamiliar.cl/mf/wordpress/wp-content/uploads/2025/03/Programa-curso-MAIS-2025.pdf">programa del curso</a>.</li><li>Inscripción en este <a href="https://forms.gle/UaWNb8FDDKekoYtC9">formulario</a>.</li></ul>



<h2 class="wp-block-heading">Valores de inscripción</h2>



<p><strong>Inscripción temprana (hasta el 16 de marzo):</strong></p>



<ul class="wp-block-list"><li><strong>Socio:</strong> $90.000</li><li><strong>Residente Medicina Familiar:</strong> $130.000</li><li><strong>Médico no socio:</strong> $150.000</li><li><strong>Profesional de la salud no socio:</strong> $140.000</li><li><strong>Estudiante de pregrado:</strong> $90.000</li></ul>



<p><strong>Inscripción tardía (desde el 17 de marzo):</strong></p>



<ul class="wp-block-list"><li><strong>Socio:</strong> $135.000</li><li><strong>Residente Medicina Familiar:</strong> $195.000</li><li><strong>Médico no socio:</strong> $225.000</li><li><strong>Profesional de la salud no socio:</strong> $210.000</li><li><strong>Estudiante de pregrado:</strong> $135.000</li></ul>



<div data-wp-interactive="core/file" class="wp-block-file"><object data-wp-bind--hidden="!state.hasPdfPreview" hidden class="wp-block-file__embed" data="http://www.medicinafamiliar.cl/mf/wordpress/wp-content/uploads/2025/03/Programa-curso-MAIS-2025.pdf" type="application/pdf" style="width:100%;height:600px" aria-label="Incrustado de Incrustado de Programa-curso-MAIS-2025.."></object><a id="wp-block-file--media-916cf8eb-05a0-467d-9446-d568cbcae9d0" href="http://www.medicinafamiliar.cl/mf/wordpress/wp-content/uploads/2025/03/Programa-curso-MAIS-2025.pdf">Programa-curso-MAIS-2025</a><a href="http://www.medicinafamiliar.cl/mf/wordpress/wp-content/uploads/2025/03/Programa-curso-MAIS-2025.pdf" class="wp-block-file__button" download aria-describedby="wp-block-file--media-916cf8eb-05a0-467d-9446-d568cbcae9d0">Descargar</a></div>

<p>El curso Modelo de Atención Integral en Salud (MAIS) 2025 está dirigido a profesionales de la salud interesados en fortalecer sus conocimientos y habilidades en la implementación del MAIS en la Atención Primaria de Salud (APS). Con una duración de 29 horas distribuidas en 7 semanas, el programa se imparte en modalidad e-learning, combinando sesiones [&hellip;]</p>
