{"id":4886,"date":"2025-03-02T18:12:25","date_gmt":"2025-03-02T22:12:25","guid":{"rendered":"http:\/\/www.medicinafamiliar.cl\/mf\/wordpress\/?page_id=4886"},"modified":"2025-10-24T17:54:59","modified_gmt":"2025-10-24T21:54:59","slug":"curso-ecicep-conceptos-basicos-2025","status":"publish","type":"page","link":"http:\/\/www.medicinafamiliar.cl\/mf\/wordpress\/cursos-sochimef\/curso-ecicep-conceptos-basicos-2025\/","title":{"rendered":"Curso ECICEP Conceptos B\u00e1sicos 2025"},"content":{"rendered":"\n<figure class=\"wp-block-image size-large is-resized\"><img loading=\"lazy\" decoding=\"async\" src=\"https:\/\/www.medicinafamiliar.cl\/mf\/wordpress\/wp-content\/uploads\/2025\/08\/Google_AI_Studio_2025-08-26T02_16_34.070Z-2-1024x559.png\" alt=\"\" class=\"wp-image-5187\" width=\"457\" height=\"250\" srcset=\"http:\/\/www.medicinafamiliar.cl\/mf\/wordpress\/wp-content\/uploads\/2025\/08\/Google_AI_Studio_2025-08-26T02_16_34.070Z-2-1024x559.png 1024w, http:\/\/www.medicinafamiliar.cl\/mf\/wordpress\/wp-content\/uploads\/2025\/08\/Google_AI_Studio_2025-08-26T02_16_34.070Z-2-300x164.png 300w, http:\/\/www.medicinafamiliar.cl\/mf\/wordpress\/wp-content\/uploads\/2025\/08\/Google_AI_Studio_2025-08-26T02_16_34.070Z-2-768x419.png 768w, http:\/\/www.medicinafamiliar.cl\/mf\/wordpress\/wp-content\/uploads\/2025\/08\/Google_AI_Studio_2025-08-26T02_16_34.070Z-2-370x202.png 370w, http:\/\/www.medicinafamiliar.cl\/mf\/wordpress\/wp-content\/uploads\/2025\/08\/Google_AI_Studio_2025-08-26T02_16_34.070Z-2-270x147.png 270w, http:\/\/www.medicinafamiliar.cl\/mf\/wordpress\/wp-content\/uploads\/2025\/08\/Google_AI_Studio_2025-08-26T02_16_34.070Z-2-570x311.png 570w, http:\/\/www.medicinafamiliar.cl\/mf\/wordpress\/wp-content\/uploads\/2025\/08\/Google_AI_Studio_2025-08-26T02_16_34.070Z-2-740x404.png 740w, http:\/\/www.medicinafamiliar.cl\/mf\/wordpress\/wp-content\/uploads\/2025\/08\/Google_AI_Studio_2025-08-26T02_16_34.070Z-2.png 1408w\" sizes=\"auto, (max-width: 457px) 100vw, 457px\" \/><\/figure>\n\n\n\n<p><strong>Descripci\u00f3n:<\/strong><br>Curso dirigido a m\u00e9dicos de familia, m\u00e9dicos generales y profesionales de la salud que trabajan en atenci\u00f3n primaria o contextos relacionados con la atenci\u00f3n de personas con m\u00faltiples problemas de salud. A trav\u00e9s de una modalidad e-learning asincr\u00f3nica, los participantes aprender\u00e1n los fundamentos y pilares de la ECICEP, su relaci\u00f3n con el Modelo de Atenci\u00f3n Integral en Salud (MAIS), la estratificaci\u00f3n por riesgo, la gesti\u00f3n del cuidado y el automanejo en condiciones cr\u00f3nicas.<\/p>\n\n\n\n<p><strong>Modalidad:<\/strong> 100% online, asincr\u00f3nico, mediante estudio aut\u00f3nomo de apuntes y clases grabadas y evaluaci\u00f3n de aprendizajes mediante cuestionarios de autoevaluaci\u00f3n y pruebas te\u00f3ricas.<br><strong>Duraci\u00f3n:<\/strong> 28 horas cronol\u00f3gicas<br><strong>Inicio<\/strong>: desde 31 de marzo de 2025.<\/p>\n\n\n\n<p><strong>Programa del curso:<\/strong> <a rel=\"noreferrer noopener\" href=\"http:\/\/www.medicinafamiliar.cl\/mf\/wordpress\/wp-content\/uploads\/2025\/03\/sochimef-programa-curso-ECICEP-basico-2025_.pdf\" data-type=\"URL\" data-id=\"http:\/\/www.medicinafamiliar.cl\/mf\/wordpress\/wp-content\/uploads\/2025\/03\/sochimef-programa-curso-ECICEP-basico-2025_.pdf\" target=\"_blank\">Aqu\u00ed<\/a>.<br><strong>Inscripciones:<\/strong> Cerradas<\/p>\n\n\n\n<h2 class=\"wp-block-heading\">Valores de inscripci\u00f3n:<\/h2>\n\n\n\n<p>Socio: $15.000<br>Residente Medicina Familiar: $30.000<br>M\u00e9dico no socio: $60.000<br>Profesional de la salud no socio: $45.000<br>Estudiante de pregrado: $15.000<\/p>\n","protected":false},"excerpt":{"rendered":"<p>Descripci\u00f3n:Curso dirigido a m\u00e9dicos de familia, m\u00e9dicos generales y profesionales de la salud que trabajan en atenci\u00f3n primaria o contextos relacionados con la atenci\u00f3n de personas con m\u00faltiples problemas de salud. A trav\u00e9s de una modalidad e-learning asincr\u00f3nica, los participantes aprender\u00e1n los fundamentos y pilares de la ECICEP, su relaci\u00f3n con el Modelo de Atenci\u00f3n [&hellip;]<\/p>\n","protected":false},"author":1,"featured_media":0,"parent":4904,"menu_order":0,"comment_status":"closed","ping_status":"closed","template":"template-full-width.php","meta":{"footnotes":""},"class_list":["post-4886","page","type-page","status-publish","hentry"],"_links":{"self":[{"href":"http:\/\/www.medicinafamiliar.cl\/mf\/wordpress\/wp-json\/wp\/v2\/pages\/4886","targetHints":{"allow":["GET"]}}],"collection":[{"href":"http:\/\/www.medicinafamiliar.cl\/mf\/wordpress\/wp-json\/wp\/v2\/pages"}],"about":[{"href":"http:\/\/www.medicinafamiliar.cl\/mf\/wordpress\/wp-json\/wp\/v2\/types\/page"}],"author":[{"embeddable":true,"href":"http:\/\/www.medicinafamiliar.cl\/mf\/wordpress\/wp-json\/wp\/v2\/users\/1"}],"replies":[{"embeddable":true,"href":"http:\/\/www.medicinafamiliar.cl\/mf\/wordpress\/wp-json\/wp\/v2\/comments?post=4886"}],"version-history":[{"count":14,"href":"http:\/\/www.medicinafamiliar.cl\/mf\/wordpress\/wp-json\/wp\/v2\/pages\/4886\/revisions"}],"predecessor-version":[{"id":5333,"href":"http:\/\/www.medicinafamiliar.cl\/mf\/wordpress\/wp-json\/wp\/v2\/pages\/4886\/revisions\/5333"}],"up":[{"embeddable":true,"href":"http:\/\/www.medicinafamiliar.cl\/mf\/wordpress\/wp-json\/wp\/v2\/pages\/4904"}],"wp:attachment":[{"href":"http:\/\/www.medicinafamiliar.cl\/mf\/wordpress\/wp-json\/wp\/v2\/media?parent=4886"}],"curies":[{"name":"wp","href":"https:\/\/api.w.org\/{rel}","templated":true}]}}

Curso ECICEP Conceptos Básicos 2025

<figure class="wp-block-image size-large is-resized"><img loading="lazy" decoding="async" src="https://www.medicinafamiliar.cl/mf/wordpress/wp-content/uploads/2025/08/Google_AI_Studio_2025-08-26T02_16_34.070Z-2-1024x559.png" alt="" class="wp-image-5187" width="457" height="250" srcset="http://www.medicinafamiliar.cl/mf/wordpress/wp-content/uploads/2025/08/Google_AI_Studio_2025-08-26T02_16_34.070Z-2-1024x559.png 1024w, http://www.medicinafamiliar.cl/mf/wordpress/wp-content/uploads/2025/08/Google_AI_Studio_2025-08-26T02_16_34.070Z-2-300x164.png 300w, http://www.medicinafamiliar.cl/mf/wordpress/wp-content/uploads/2025/08/Google_AI_Studio_2025-08-26T02_16_34.070Z-2-768x419.png 768w, http://www.medicinafamiliar.cl/mf/wordpress/wp-content/uploads/2025/08/Google_AI_Studio_2025-08-26T02_16_34.070Z-2-370x202.png 370w, http://www.medicinafamiliar.cl/mf/wordpress/wp-content/uploads/2025/08/Google_AI_Studio_2025-08-26T02_16_34.070Z-2-270x147.png 270w, http://www.medicinafamiliar.cl/mf/wordpress/wp-content/uploads/2025/08/Google_AI_Studio_2025-08-26T02_16_34.070Z-2-570x311.png 570w, http://www.medicinafamiliar.cl/mf/wordpress/wp-content/uploads/2025/08/Google_AI_Studio_2025-08-26T02_16_34.070Z-2-740x404.png 740w, http://www.medicinafamiliar.cl/mf/wordpress/wp-content/uploads/2025/08/Google_AI_Studio_2025-08-26T02_16_34.070Z-2.png 1408w" sizes="auto, (max-width: 457px) 100vw, 457px" /></figure>



<p><strong>Descripción:</strong><br>Curso dirigido a médicos de familia, médicos generales y profesionales de la salud que trabajan en atención primaria o contextos relacionados con la atención de personas con múltiples problemas de salud. A través de una modalidad e-learning asincrónica, los participantes aprenderán los fundamentos y pilares de la ECICEP, su relación con el Modelo de Atención Integral en Salud (MAIS), la estratificación por riesgo, la gestión del cuidado y el automanejo en condiciones crónicas.</p>



<p><strong>Modalidad:</strong> 100% online, asincrónico, mediante estudio autónomo de apuntes y clases grabadas y evaluación de aprendizajes mediante cuestionarios de autoevaluación y pruebas teóricas.<br><strong>Duración:</strong> 28 horas cronológicas<br><strong>Inicio</strong>: desde 31 de marzo de 2025.</p>



<p><strong>Programa del curso:</strong> <a rel="noreferrer noopener" href="http://www.medicinafamiliar.cl/mf/wordpress/wp-content/uploads/2025/03/sochimef-programa-curso-ECICEP-basico-2025_.pdf" data-type="URL" data-id="http://www.medicinafamiliar.cl/mf/wordpress/wp-content/uploads/2025/03/sochimef-programa-curso-ECICEP-basico-2025_.pdf" target="_blank">Aquí</a>.<br><strong>Inscripciones:</strong> Cerradas</p>



<h2 class="wp-block-heading">Valores de inscripción:</h2>



<p>Socio: $15.000<br>Residente Medicina Familiar: $30.000<br>Médico no socio: $60.000<br>Profesional de la salud no socio: $45.000<br>Estudiante de pregrado: $15.000</p>

<p>Descripción:Curso dirigido a médicos de familia, médicos generales y profesionales de la salud que trabajan en atención primaria o contextos relacionados con la atención de personas con múltiples problemas de salud. A través de una modalidad e-learning asincrónica, los participantes aprenderán los fundamentos y pilares de la ECICEP, su relación con el Modelo de Atención [&hellip;]</p>
